Monthly Climatological Summary for mag 2019 Name: Villaggio Sole City: Limbiate State: Italy Elevation: 202 m Lat: N 45 36' 47" Lon: E 009 06' 20" Temperature (C), Rain (mm), Wind Speed (km/h) Heat Cool Avg Mean Deg Deg Wind Dom Day Temp High Time Low Time Days Days Rain Speed High Time Dir ---------------------------------------------------------------------------------- 1 16,7 26,7 17:18 6,7 05:10 3,8 2,1 0,0 0,5 3,7 12:48 S 2 14,8 22,9 15:12 6,7 06:20 4,2 0,7 0,3 0,6 4,8 18:46 SSW 3 13,4 20,5 13:09 9,8 05:02 5,0 0,1 3,9 0,3 5,4 14:14 SE 4 14,7 21,9 14:27 9,5 04:18 4,0 0,4 6,6 0,4 4,4 18:14 ESE 5 10,9 18,1 16:03 6,3 05:51 7,4 0,0 5,7 1,3 9,5 10:34 NE 6 12,0 21,8 16:45 2,0 05:56 6,9 0,6 0,0 0,6 3,4 14:55 S 7 12,7 21,7 15:52 3,0 05:37 6,0 0,4 0,0 0,5 3,4 12:49 S 8 11,2 12,9 11:35 9,9 23:58 7,1 0,0 9,6 0,3 4,1 12:10 NE 9 13,9 23,1 17:50 -17,0 18:52 5,1 0,7 3,6 0,5 3,1 13:04 SSW 10 16,8 25,6 18:31 8,8 01:42 3,3 1,8 0,0 0,4 3,4 15:22 SSE 11 14,1 22,7 15:46 9,8 04:15 4,5 0,3 3,0 0,3 5,1 17:30 E 12 14,8 22,3 15:40 10,6 00:14 3,8 0,3 0,0 0,7 7,5 16:29 NNE 13 18,4 24,4 13:19 9,9 23:50 1,1 1,2 0,0 0,6 4,1 13:43 S 14 13,9 21,7 16:02 6,3 06:02 5,2 0,6 0,0 0,8 5,4 19:53 ESE 15 11,6 18,5 13:22 3,2 06:08 6,6 0,0 0,0 0,7 5,4 14:05 S 16 14,0 22,8 17:45 4,9 06:09 5,0 0,7 0,0 0,4 4,0 13:05 S 17 14,9 20,7 15:20 11,0 03:37 3,6 0,3 5,4 0,5 4,8 12:13 ESE 18 13,1 17,1 15:57 11,5 08:06 5,2 0,0 10,2 0,2 2,7 00:37 N 19 13,4 16,9 15:21 11,5 05:57 4,9 0,0 6,3 0,1 2,0 15:41 S 20 14,4 17,4 15:10 11,6 05:42 3,9 0,0 0,9 0,2 2,4 13:57 S 21 17,6 26,9 16:31 8,8 06:19 2,9 2,3 0,0 0,6 5,1 17:12 S 22 18,7 27,8 16:18 9,5 05:51 2,3 2,7 0,0 0,4 3,7 20:47 SSW 23 19,6 29,2 17:03 11,9 05:44 1,9 3,2 0,0 0,4 3,4 15:34 S 24 19,8 29,1 16:16 11,4 04:53 1,8 3,3 0,0 0,4 3,4 21:05 S 25 18,5 28,2 14:25 12,1 05:21 1,7 2,0 0,0 0,7 8,5 15:44 NE 26 19,7 27,4 17:13 14,8 03:30 1,1 2,6 0,0 0,4 3,1 14:18 NNW 27 16,1 18,5 10:23 14,3 23:08 2,2 0,0 9,9 0,2 3,4 12:40 ESE 28 15,7 22,0 15:44 13,3 02:16 3,0 0,4 2,1 0,3 7,8 16:56 N 29 16,6 23,7 16:47 13,0 05:16 2,4 0,8 0,3 0,5 3,7 14:05 S 30 18,7 27,7 17:42 9,6 06:04 2,4 2,8 0,0 0,5 3,7 17:28 SSE 31 19,9 28,8 16:42 11,0 05:36 1,7 3,2 0,0 0,5 3,4 17:17 NE ---------------------------------------------------------------------------------- 15,5 29,2 23 -17,0 9 120,0 33,5 67,8 0,5 9,5 5 SE Max >= 27,0: 7 Max <= 0,0: 0 Min <= 0,0: 1 Min <= -18,0: 0 Max Rain: 10,2 on day 18 Days of Rain: 14 (>= 0,2 mm) 11 (>= 2,0 mm) 0 (>= 20,0 mm) Heat Base: 18,3 Cool Base: 18,3 Method: Integration